. Let d = -367 - -368. Let z = d - y. What is the units digit of z?
5
Suppose 10917 = 10*c - 6693. What is the tens digit of c?
6
Let d(f) = 2*f - 4. Let x be d(-4). Let s be x/24 + (-51)/2. Let g = -12 - s. What is the tens digit of g?
1
Let a(v) = v + 2. Let p be a(0). Suppose -x - 6 = -p. Let j(y) = -5*y + 1. What is the units digit of j(x)?
1
Suppose -4*b - b - 4*p + 850 = 0, -5*b + 805 = -5*p. Let x = b + -74. What is the tens digit of x?
9
Let p = -188 + 214. What is the units digit of p?
6
Suppose -15863 + 3038 = -15*y. What is the hundreds digit of y?
8
Let n(t) = 2*t**2 - 4*t - 26. Let j be 2/(-4 + 76/18). What is the tens digit of n(j)?
0
Suppose -3*m + 5*n = -1106 - 897, -5*m + 3325 = -5*n. What is the tens digit of m?
6
Suppose -55 = -6*y - 7. Let g be (5/1)/((-2)/(-2)). Suppose j + 4*s = y + 18, g*j = s + 67. What is the units digit of j?
4
Let d be 3/(3/(-1)) + -9. Let v(x) = x**3 + 11*x**2 + 9*x + 4. Let m be v(d). Suppose -m - 7 = -3*p. What is the units digit of p?
7
Suppose -252 = -3*w - 0*w. Suppose 0 = -2*k + 2, -4*x - 2*k = -0 - 18. Suppose -w = -x*q - 3*f, q - 2*q - 3*f = -21. What is the units digit of q?
1
What is the units digit of 2 + -1 + -2 + 328/2?
3
What is the units digit of 1168 - 4 - 1*-8?
2
Let c(k) = -11*k - 6 + 27*k + 3 - k**2 + 0. What is the tens digit of c(8)?
6
Let h(p) = -4 + 6 + p + p**2 - 4*p - 19*p**3 - 1. Let o be h(1). What is the tens digit of o/((-3)/3) - -2?
2
What is the hundreds digit of (16/18*3)/((-2)/(-1347))?
7
Suppose -4*m + 2082 = -2*h, -4*m + 2083 = -7*h + 4*h. What is the units digit of m?
0
Suppose -c + 843 + 2117 = 0. What is the hundreds digit of c?
9
Suppose -3*p = 2*d - 4769, 30*p - 4*d - 1599 = 29*p. What is the units digit of p?
1
Let z = 87 + 126. Let m = z + -34. What is the tens digit of m?
7
Suppose 0*k - 3*k = -6, -2*y + 2*k = 4. Suppose y = -13*n + 9*n + 768. Suppose -5*h - 3*p + n = 0, -2*h + 7*h - 193 = -2*p. What is the tens digit of h?
3
Suppose 20 = 4*j, -5*p + 5*j = 151 - 21. Let t = p - -24. Suppose -k + 5*q = -5*k + 45, -2*k + 17 = -t*q. What is the tens digit of k?
1
Let q(x) = -x**3 + x**2 - 32*x - 12. What is the tens digit of q(-6)?
3
Let k(x) = -3*x**2 - 11*x - 3. Let p be k(-3). Suppose 5*b = -v + 495, 2*b - p*v = 2*v + 171. What is the units digit of b?
8
Suppose 0 = -105*j - 51537 + 155592. What is the hundreds digit of j?
9
Let l(r) = -r**2 - 24*r - 2. Let h = -35 - -23. What is the hundreds digit of l(h)?
1
Let w(l) = -2*l**2 + 5*l + 11. Let o be w(8). Suppose -3*s = -2*a - 327, 2*s - 2*a - 218 = -0*s. Let q = s + o. What is the tens digit of q?
3
Suppose 0 = -r + 2*r + 2, 28 = 5*z - 4*r. Suppose -3*j + 14 = 5*d, -z*j - 14 = -2*d - j. Let a = 4 + d. What is the units digit of a?
8
Let o be (4 - 280/68) + (-280)/(-68). Suppose -2*a = 2*k - 696, o*a - 1789 = 2*k - 367. What is the tens digit of a?
5
Let z(s) = 12*s - 6 + 7 + 14 + 7*s**2 + 0*s**2. What is the hundreds digit of z(-6)?
1
Let i be (-140)/(-21)*(-63)/(-12). Suppose -3*a + 82 + i = 0. What is the tens digit of a?
3
Let u(l) be the first derivative of -l**5/20 + 5*l**4/6 + l**3/2 + 5*l**2 + 9*l + 3. Let a(q) be the first derivative of u(q). What is the tens digit of a(10)?
4
Let s be (-1 - -2)/(8/(-184)). What is the units digit of (-25 - s)/((-2)/83)?
3
Let a = -1559 + 2830. What is the hundreds digit of a?
2
Let x(g) = -79*g**2 - 16*g - 11. Let v(w) = -27*w**2 - 5*w - 3. Let b(s) = -7*v(s) + 2*x(s). Let p = 0 + 1. What is the units digit of b(p)?
3
Let c = 583 - -4526. What is the hundreds digit of c?
1
Let b be (7 + 0)/((-2)/(-4)). What is the units digit of (4/(-14) + 200/b)*2?
8
Suppose -k = 5*l + 31, 0 = 2*k + 4*l - l + 34. Let q = 1 - k. What is the units digit of 6/4*64/q?
8
Suppose 0 = 14*q - 9108 - 4612. What is the hundreds digit of q?
9
Suppose -s = -5*v + 14 + 19, 2*v - 3 = -3*s. Suppose v = -2*q + 134. What is the units digit of q?
4
Suppose -3*r = z - 33 - 76, 3*r = 5*z - 599. What is the hundreds digit of z?
1
Suppose 36*j - 30*j = 2832. What is the units digit of j?
2
Let n = 598 + -261. Suppose n = 3*a + d, 2*a + a = -5*d + 329. What is the units digit of a?
3
Suppose -2*u = x + 2*x - 705, 3 = u. Suppose 9*k - x = 82. What is the units digit of k?
5
Suppose -z - 14256 = -3*t, 3*z + 14256 = -84*t + 87*t. What is the tens digit of t?
5
Suppose 4*u - 26 = 3*x, -4*u - 5*x + 5 = -u. Suppose 2 - u = -3*t. What is the tens digit of (t - 0 - -3) + 36?
4
Let y = 9 + -8. Let d(o) = -o**2 + 6*o - 3. Let b be d(6). What is the units digit of y*(-4 - b) + 22?
1
Suppose 17 = 5*j + 7. Suppose 10 = 3*i + f, f = -j*f + 12. Suppose 2*z = -2*s + 38, z - 15 = s + i*s. What is the tens digit of z?
1
Let w = 2547 - -269. What is the thousands digit of w?
2
Let r(l) = -5*l - 6. Suppose 5*c - 6 = -21. Let f be r(c). Let o = 16 - f. What is the units digit of o?
7
Suppose 5*i = 3*w + 11, 4*i = 6*i - 8. Suppose 10*c = 5*c - t + 48, -c = -2*t - 14. Suppose -r + c = 4*p, 49 = w*r - 5*p + 2. What is the tens digit of r?
1
Let i = 541 - -164. What is the tens digit of i?
0
Suppose s - 6*r = -r + 213, 258 = s + 4*r. Suppose -3*u = q - s, -5*u = -2*q - 291 - 91. What is the tens digit of u?
7
Suppose 0 = -c - 2*x - 4, 8 = -0*c - 3*c - 5*x. Suppose -c*y - z = -y - 17, -3*y + 1 = 5*z. What is the units digit of y?
7
Suppose 0 = -29*z + 1646 + 10708. What is the hundreds digit of z?
4
Let t(h) = 3*h - 13. Suppose 4*j = -1 - 67. Let r = 30 + j. What is the units digit of t(r)?
6
Suppose 4*r + 32 + 23 = -v, -3*r - 39 = 3*v. Let u = -17 - r. Let s(k) = -k**3 + k**2 - k - 1. What is the units digit of s(u)?
8
Let g(j) = -102*j + 36. What is the units digit of g(-8)?
2
Let l = 13 - 13. Suppose -5*i - 4*h - 10 = l, 0 = 2*i - 7*i + 5*h + 35. Suppose i*u - 217 = -5*u. What is the units digit of u?
1
Let i = 8910 + -4630. What is the tens digit of i?
8
Let n = 52 - 52. Suppose -5*x - 3*u + 75 = n, u - 3*u = -10. What is the units digit of x?
2
Let m(g) = 2*g**2 + 2*g + 355. What is the tens digit of m(0)?
5
Suppose -n + 40 = 4*w, 0*n - 20 = -2*w - 2*n. Let p = 20 - w. Suppose p*v - 5*v = 4*q - 7, -3*v + 5*q - 12 = 0. What is the units digit of v?
1
Suppose -9*m - 3076 = -11*m. What is the tens digit of m?
3
Let p be (0 - (-5 - 0)) + -3. What is the units digit of 3/p*1880/30?
4
Let z = 34 - 27. What is the units digit of 9 + (2/z - (-48)/(-21))?
7
Suppose -2*w + 5*g - 2 = 0, 18 = 3*w - 0*g + 3*g. Suppose -391 = -4*h + 7*s - 6*s, -w*h + 5*s + 403 = 0. What is the tens digit of h?
9
What is the hundreds digit of 607/6 - 24/144?
1
Let q(m) = m**2 - 9*m - 29. What is the tens digit of q(14)?
4
Suppose -3*k - 5*c = -2*k + 14, -2*c = -k + 21. Suppose 0 = 6*g - k*g - 1470. What is the units digit of g/(-35) + 4/(-10)?
8
Let p(g) = g**3 - 11*g**2 + 9*g + 12. Let f be p(10). Suppose 3*j = -f*x + 317, 0 = -3*x + 4*j + 298 + 169. What is the hundreds digit of x?
1
Let s be (8/16)/((-1)/(-4)). Let l be ((-2)/(-4))/(s/328). Suppose -4*q - 35 = -r, -4*r - 4*q = -2*r - l. What is the units digit of r?
9
Suppose 0 = -v + 175 + 337. What is the units digit of v?
2
Let z be (4 + -4)/(3 + -5). Suppose 2*k = 10, -2*k - 70 = -z*n - 2*n. What is the tens digit of n?
4
Suppose 2*q = 3*p + 1, 4*p + 7 = -q + 2. Let t(g) = 0 + 2 - 3*g + 46*g**2 + 6*g. What is the units digit of t(q)?
5
Suppose 0 = -3*a - 4*v + 57, -32*a - 4*v + 19 = -31*a. What is the tens digit of a?
1
Let b be -9 - 6*1/(-2). What is the units digit of (5 + b)/((-4)/(-356)*-1)?
9
Let b(u) = -4*u + 9. Let d = 7 - 12. Let y be b(d). Suppose y = 2*z + 3*r - 12, 4*z + 4*r - 72 = 0. What is the units digit of z?
3
Suppose 0 = -p - p. Suppose -5*t - 5*h + 440 = p, -3*t - t + 5*h + 370 = 0. What is the tens digit of t?
9
Suppose -37174 = -42*y + 23642. What is the thousands digit of y?
1
Suppose -4*i = 4*v - 264, -2*v + 246 = 2*v - 2*i. Let b = v + -50. What is the units digit of b?
3
Let j(l) = 68 - 68 + 3*l**2 - 4*l**2 - 11*l. What is the tens digit of j(-10)?
1
Let k be 80/(-15)*3/(-2). Let j = k - -15. What is the units digit of j?
3
Let d = 23 + -26. What is the tens digit of 36/(((-18)/8)/d)?
4
What is the tens digit of (-20006)/(7 - 14) - 11?
4
Let t = 5374 - 2097. What is the thousands digit of t?
3
Let i(k) = 2*k**2 - k - 14. Let b be i(6). Let j = b + -15. What is the tens